{"id":50,"date":"2015-10-16T02:45:19","date_gmt":"2015-10-16T05:45:19","guid":{"rendered":"https:\/\/jeancamillo.com.br\/seguros\/?page_id=50"},"modified":"2021-10-14T21:49:50","modified_gmt":"2021-10-15T00:49:50","slug":"jc-camillo-corretora-de-seguros-2","status":"publish","type":"page","link":"https:\/\/jeancamillo.com.br\/seguros\/","title":{"rendered":"INICIO"},"content":{"rendered":"\n<p class=\"has-text-align-center\" style=\"font-size:30px\">SEGUROS  &#8211; Ve\u00edculos -Vida &#8211; Sa\u00fade &#8211; Empresarial &#8211; Residencial<\/p>\n\n\n<p>&nbsp;<\/p>\n<center>\n<p>&nbsp;<\/p>\n<div style=\"width: 400px;\" class=\"wp-video\"><!--[if lt IE 9]><script>document.createElement('video');<\/script><![endif]-->\n<video class=\"wp-video-shortcode\" id=\"video-50-1\" width=\"400\" height=\"300\" preload=\"auto\" controls=\"controls\"><source type=\"video\/mp4\" src=\"https:\/\/jeancamillo.com.br\/seguros\/wp-content\/uploads\/2015\/10\/seg.mp4?_=1\" \/><a href=\"https:\/\/jeancamillo.com.br\/seguros\/wp-content\/uploads\/2015\/10\/seg.mp4\">https:\/\/jeancamillo.com.br\/seguros\/wp-content\/uploads\/2015\/10\/seg.mp4<\/a><\/video><\/div>\n<p>Fa\u00e7a agora a sua cota\u00e7\u00e3o!<\/p>\n<h3><a href=\"https:\/\/jeancamillo.com.br\/seguros\/seguros-auto\/\"><strong> Clique aqui e preencha sua cota\u00e7\u00e3o on-line!<\/strong><\/a><\/h3>\n<p>&nbsp;<\/p>\n<p>&nbsp;<\/p>\n<p>&nbsp;<\/p>\n<p>&nbsp;<\/p>\n<p>&nbsp;<\/p>\n<p>&nbsp;<\/p>\n<p>&nbsp;<\/p>\n<p>&nbsp;<\/p>\n<\/center>\n<p>&nbsp;<\/p>\n<p>&nbsp;<\/p>\n<p>&nbsp;<\/p>\n<p>&nbsp;<\/p>\n<p>&nbsp;<\/p>\n<p>&nbsp;<\/p>\n<p>&nbsp;<\/p>\n<p>&nbsp;<\/p>\n<p>&nbsp;<\/p>\n\n\n<p><\/p>\n","protected":false},"excerpt":{"rendered":"<p>SEGUROS &#8211; Ve\u00edculos -Vida &#8211; Sa\u00fade &#8211; Empresarial &#8211; Residencial &nbsp; &nbsp; Fa\u00e7a agora a sua cota\u00e7\u00e3o! Clique aqui e preencha sua cota\u00e7\u00e3o on-line! &nbsp; &nbsp; &nbsp; &nbsp; &nbsp; &nbsp; &nbsp; &nbsp; &nbsp; &nbsp; &nbsp; &nbsp; &nbsp; &nbsp; &nbsp; &nbsp; &nbsp;<\/p>\n","protected":false},"author":1,"featured_media":0,"parent":0,"menu_order":0,"comment_status":"closed","ping_status":"closed","template":"","meta":{"site-sidebar-layout":"no-sidebar","site-content-layout":"plain-container","ast-global-header-display":"","ast-banner-title-visibility":"","ast-main-header-display":"","ast-hfb-above-header-display":"","ast-hfb-below-header-display":"","ast-hfb-mobile-header-display":"","site-post-title":"disabled","ast-breadcrumbs-content":"","ast-featured-img":"","footer-sml-layout":"","theme-transparent-header-meta":"default","adv-header-id-meta":"","stick-header-meta":"","header-above-stick-meta":"","header-main-stick-meta":"","header-below-stick-meta":"","ngg_post_thumbnail":0,"footnotes":""},"class_list":["post-50","page","type-page","status-publish","hentry"],"_links":{"self":[{"href":"https:\/\/jeancamillo.com.br\/seguros\/wp-json\/wp\/v2\/pages\/50","targetHints":{"allow":["GET"]}}],"collection":[{"href":"https:\/\/jeancamillo.com.br\/seguros\/wp-json\/wp\/v2\/pages"}],"about":[{"href":"https:\/\/jeancamillo.com.br\/seguros\/wp-json\/wp\/v2\/types\/page"}],"author":[{"embeddable":true,"href":"https:\/\/jeancamillo.com.br\/seguros\/wp-json\/wp\/v2\/users\/1"}],"replies":[{"embeddable":true,"href":"https:\/\/jeancamillo.com.br\/seguros\/wp-json\/wp\/v2\/comments?post=50"}],"version-history":[{"count":31,"href":"https:\/\/jeancamillo.com.br\/seguros\/wp-json\/wp\/v2\/pages\/50\/revisions"}],"predecessor-version":[{"id":1888,"href":"https:\/\/jeancamillo.com.br\/seguros\/wp-json\/wp\/v2\/pages\/50\/revisions\/1888"}],"wp:attachment":[{"href":"https:\/\/jeancamillo.com.br\/seguros\/wp-json\/wp\/v2\/media?parent=50"}],"curies":[{"name":"wp","href":"https:\/\/api.w.org\/{rel}","templated":true}]}}